3.
33
Calculate the highest common factor of 16 and 9584.
16
Calculate the highest common factor of 80 and 70.
10
What is the highest common divisor of 3 and 123?
3
Calculate the highest common factor of 600 and 1056.
24
What is the greatest common divisor of 42 and 372?
6
What is the greatest common factor of 73 and 584?
73
What is the greatest common divisor of 38 and 2185?
19
Calculate the highest common factor of 8 and 936.
8
Calculate the greatest common divisor of 1936 and 64.
16
Calculate the highest common factor of 31 and 7936.
31
What is the highest common factor of 104 and 8?
8
Calculate the greatest common factor of 650 and 1090.
10
Calculate the greatest common divisor of 216 and 90.
18
What is the greatest common divisor of 46 and 4922?
46
Calculate the greatest common divisor of 361 and 95.
19
Calculate the highest common divisor of 13 and 5707.
13
Calculate the highest common divisor of 10 and 1665.
5
What is the highest common factor of 224 and 420?
28
What is the greatest common divisor of 6 and 7509?
3
What is the greatest common factor of 67 and 67?
67
Calculate the greatest common divisor of 3 and 1563.
3
Calculate the greatest common divisor of 338 and 754.
26
Calculate the greatest common divisor of 126 and 13302.
18
Calculate the highest common divisor of 57 and 38.
19
Calculate the greatest common factor of 142 and 6461.
71
What is the greatest common factor of 61 and 1098?
61
Calculate the highest common divisor of 600 and 8.
8
What is the greatest common divisor of 156 and 117?
39
What is the greatest common factor of 3403 and 41?
41
What is the greatest common factor of 9 and 576?
9
Calculate the highest common divisor of 135 and 180.
45
Calculate the highest common divisor of 1072 and 16.
16
Calculate the highest common divisor of 594 and 22.
22
What is the highest common factor of 1311 and 12?
3
What is the highest common factor of 35 and 595?
35
Calculate the highest common divisor of 4424 and 140.
28
Calculate the highest common factor of 44 and 5885.
11
What is the highest common divisor of 40 and 220?
20
What is the highest common factor of 3760 and 705?
235
What is the greatest common factor of 78 and 897?
39
Calculate the greatest common factor of 30 and 240.
30
Calculate the highest common divisor of 311 and 2.
1
Calculate the greatest common divisor of 22 and 17809.
11
Calculate the greatest common factor of 16 and 120.
8
What is the highest common factor of 318 and 30?
6
What is the highest common factor of 1394 and 187?
17
Calculate the greatest common factor of 2788 and 533.
41
What is the highest common factor of 540 and 20?
20
What is the greatest common divisor of 1133 and 11?
11
Calculate the highest common factor of 624 and 130.
26
Calculate the highest common factor of 544 and 1312.
32
Calculate the highest common divisor of 418 and 11.
11
Calculate the greatest common divisor of 248 and 8.
8
Calculate the greatest common divisor of 425 and 475.
25
Calculate the greatest common divisor of 588 and 6132.
84
Calculate the greatest common factor of 190 and 10.
10
What is the greatest common divisor of 592 and 1232?
16
What is the greatest common factor of 34606 and 22?
22
What is the highest common factor of 7440 and 1200?
240
Calculate the greatest common factor of 18 and 45.
9
What is the highest common divisor of 2264 and 8?
8
What is the greatest common factor of 714 and 153?
51
What is the greatest common factor of 504 and 180?
36
Calculate the highest common factor of 205 and 451.
41
What is the highest common divisor of 984 and 48?
24
What is the greatest common divisor of 34 and 663?
17
Calculate the highest common divisor of 16 and 592.
16
What is the highest common divisor of 485 and 776?
97
Calculate the highest common factor of 138 and 184.
46
Calculate the greatest common divisor of 78 and 166.
2
What is the highest common divisor of 133 and 7847?
133
Calculate the highest common divisor of 348 and 16.
4
Calculate the greatest common divisor of 1246 and 28.
14
What is the highest common divisor of 11 and 55?
11
What is the greatest common divisor of 232 and 319?
29
Calculate the highest common divisor of 817 and 86.
43
What is the highest common factor of 133 and 14?
7
Calculate the greatest common factor of 2176 and 850.
34
Calculate the highest common factor of 12 and 16.
4
What is the highest common factor of 20 and 24340?
20
Calculate the highest common divisor of 87 and 174.
87
What is the greatest common factor of 4752 and 56?
8
What is the highest common divisor of 21 and 434?
7
What is the greatest common factor of 1812 and 12?
12
What is the highest common divisor of 50 and 25?
25
What is the greatest common divisor of 918 and 207?
9
Calculate the highest common factor of 23125 and 185.
185
What is the greatest common divisor of 749 and 321?
107
Calculate the greatest common divisor of 90 and 20475.
45
Calculate the highest common factor of 9 and 288.
9
Calculate the greatest common divisor of 16 and 53008.
16
What is the greatest common divisor of 259 and 7?
7
What is the greatest common divisor of 28 and 8204?
28
Calculate the highest common divisor of 329 and 42.
7
Calculate the greatest common divisor of 12 and 66.
6
What is the greatest common factor of 1791 and 9?
9
What is the greatest common factor of 184 and 64?
8
What is the greatest common factor of 1825 and 50?
25
Calculate the greatest common factor of 15 and 4155.
15
What is the highest common divisor of 24 and 51144?
24
Calculate the highest common divisor of 2484 and 3996.
108
Calculate the greatest common divisor of 40 and 4840.
40
What is the greatest common factor of 175 and 7?
7
What is the greatest common divisor of 3 and 77?
1
Calculate the greatest common factor of 798 and 1786.
38
Calculate the highest common factor of 11 and 352.
11
What is the greatest common divisor of 1170 and 2?
2
What is the highest common factor of 126 and 266?
14
What is the highest common divisor of 8 and 88?
8
What is the greatest common divisor of 71 and 6887?
71
What is the highest common divisor of 616 and 847?
77
What is the highest common factor of 2 and 156?
2
Calculate the highest common divisor of 2639 and 6032.
377
Calculate the greatest common divisor of 110 and 11946.
22
Calculate the highest common factor of 7178 and 74.
74
Calculate the greatest common divisor of 432 and 976.
16
Calculate the greatest common factor of 335 and 268.
67
Calculate the highest common divisor of 163 and 163.
163
What is the highest common divisor of 58 and 783?
29
What is the highest common divisor of 125 and 525?
25
Calculate the highest common factor of 28 and 52.
4
Calculate the highest common divisor of 19 and 24054.
19
What is the greatest common factor of 41702 and 58?
58
What is the greatest common divisor of 44 and 979?
11
Calculate the greatest common divisor of 404 and 4242.
202
Calculate the greatest common divisor of 13 and 13.
13
Calculate the greatest common factor of 25 and 4225.
25
What is the highest common factor of 532 and 22268?
76
What is the greatest common divisor of 460 and 10?
10
What is the greatest common divisor of 192 and 528?
48
Calculate the highest common divisor of 7 and 56.
7
Calculate the greatest common factor of 76 and 266.
38
Calculate the highest common divisor of 235 and 16403.
47
Calculate the greatest common factor of 117 and 171.
9
Calculate the highest common factor of 44 and 10054.
22
Calculate the highest common divisor of 70 and 98.
14
What is the highest common factor of 28 and 3164?
28
Calculate the greatest common divisor of 45 and 195.
15
Calculate the highest common divisor of 252 and 91.
7
Calculate the highest common divisor of 110 and 22495.
55
Calculate the greatest common divisor of 14 and 16163.
7
Calculate the greatest common factor of 18 and 216.
18
Calculate the highest common factor of 198 and 825.
33
What is the greatest common factor of 1080 and 110?
10
What is the greatest common divisor of 11 and 22?
11
Calculate the greatest common divisor of 78216 and 48.
24
What is the greatest common divisor of 10 and 590?
10
What is the greatest common divisor of 19 and 57?
19
What is the highest common divisor of 58 and 261?
29
Calculate the highest common divisor of 370 and 20.
1